e 12
-106164
What is -3466f (base 16) in base 10?
-214639
-1101111100011011 (base 2) to base 11
-39a03
What is -636675 (base 9) in base 13?
-103607
-12030041 (base 5) to base 14
-2c79d
40135433 (base 6) to base 9
2115633
What is 23541144 (base 7) in base 15?
2b5716
What is 341646 (base 10) in base 3?
122100122120
What is -3011287 (base 10) in base 3?
-12122222201011
120031200 (base 6) to base 12
902500
Convert -87d00 (base 15) to base 6.
-13125530
What is -eea94 (base 15) in base 8?
-2711165
What is -1000000000010101010001 (base 2) in base 3?
-10221121121201
Convert 1030222102 (base 4) to base 10.
314002
-15100831 (base 9) to base 2
-11100100111000001111011
Convert -a4b12 (base 12) to base 15.
-43e65
3432c (base 13) to base 4
113030220
Convert -275437 (base 9) to base 5.
-20334103
What is -2251035 (base 6) in base 15?
-243a8
What is -272465 (base 8) in base 3?
-11212001120
Convert -202130212 (base 5) to base 7.
-6643356
What is 27b77 (base 12) in base 6?
1103431
Convert 94a8 (base 12) to base 8.
37600
1242013211 (base 5) to base 14
5a2217
What is -24497 (base 11) in base 16?
-897c
What is 69dd (base 15) in base 14?
829d
Convert -22033124 (base 5) to base 4.
-232111131
Convert 10100011110010000 (base 2) to base 14.
227ba
5584b71 (base 12) to base 11
92569a8
10a7a0 (base 13) to base 10
394576
What is -1300364 (base 8) in base 10?
-360692
Convert 1758c8 (base 14) to base 5.
202302300
What is 14107127 (base 8) in base 6?
152112131
-35648 (base 12) to base 10
-71768
Convert -412522 (base 6) to base 12.
-17142
Convert -11100000000001011 (base 2) to base 3.
-12211100010
-101001000010110100 (base 2) to base 16
-290b4
What is 132158 (base 10) in base 16?
2043e
Convert 2010716 (base 8) to base 10.
528846
Convert ca684 (base 14) to base 10.
489724
What is -102132300032 (base 4) in base 5?
-2220011213
Convert -1e4279 (base 16) to base 3.
-10201202022001
What is 20219 (base 15) in base 6?
2102540
Convert -1a0bb65 (base 13) to base 10.
-8565848
What is -2244540 (base 6) in base 5?
-12140431
Convert 39c7d (base 16) to base 15.
4a1ce
-1023303011310 (base 4) to base 8
-113630564
Convert -46150 (base 14) to base 6.
-3352510
Convert -21357 (base 10) to base 15.
-64dc
1827148 (base 9) to base 7
11455061
-1000010101111001001100 (base 2) to base 13
-5b74a7
Convert -20142432 (base 5) to base 4.
-213213002
Convert -3088c3 (base 13) to base 9.
-2116121
-112114253 (base 6) to base 2
-111110111101000111001
-2511436 (base 7) to base 10
-322300
Convert 20234451 (base 8) to base 15.
59679d
111013231222 (base 4) to base 8
25075552
-322243 (base 6) to base 3
-1100021200
What is -10101101000101111110 (base 2) in base 13?
-1ba929
Convert 1011000010110101011 (base 2) to base 5.
43040044
-3347570 (base 8) to base 12
-377934
Convert 49904a (base 11) to base 16.
c0626
Convert 700102 (base 9) to base 13.
116240
What is 22101120210020 (base 3) in base 15?
5d1696
Convert 1677102 (base 10) to base 9.
3135486
28d009 (base 16) to base 8
12150011
What is -1310002003 (base 4) in base 10?
-475267
-11742423 (base 10) to base 2
-101100110010110011010111
What is 2672121 (base 8) in base 13?
2038b1
9ab06 (base 14) to base 5
44002341
31221313301 (base 4) to base 5
1404020002
Convert -10311000030 (base 4) to base 2.
-100110101000000001100
-7315a (base 12) to base 10
-150550
What is -39919 (base 13) in base 10?
-106999
3776001 (base 9) to base 12
832b54
Convert 6a570 (base 12) to base 16.
22ca4
Convert -22110022222 (base 3) to base 6.
-3322342
What is -146603 (base 15) in base 11?
-6119a1
3496b4 (base 13) to base 12
502a01
-431133234 (base 5) to base 2
-110111011110101011000
What is -106433424 (base 7) in base 15?
-8949e9
4700552 (base 8) to base 11
7a3464
Convert -2747772 (base 10) to base 14.
-517536
Convert -4052511 (base 8) to base 2.
-100000101010101001001
Convert -220427 (base 8) to base 13.
-278bb
Convert -1401145 (base 6) to base 5.
-4444131
Convert 1000010010001000 (base 2) to base 11.
23544
Convert 656725 (base 8) to base 9.
365573
What is -22021010210 (base 3) in base 13?
-59070
Convert 2903b6 (base 13) to base 11.
623596
-318527 (base 10) to base 16
-4dc3f
Convert -d6766 (base 16) to base 3.
-1122121222202
What is 202112132 (base 5) in base 6?
25300142
e37ee0 (base 15) to base 4
221033023332
c3d8 (base 14) to base 8
101652
Convert -4410010320 (base 5) to base 9.
-18708201
Convert 4111101 (base 5) to base 7.
364406
1514317 (base 8) to base 2
1101001100011001111
111222012122222 (base 3) to base 14
db3aa1
Convert -4997697 (base 10) to base 13.
-105ca23
298890 (base 15) to base 14
3a20d8
What is -1303022 (base 4) in base 2?
-1110011001010
10521141 (base 8) to base 12
915655
What is 2228b00 (base 12) in base 13?
1476855
Convert -5469 (base 10) to base 4.
-1111131
Convert 102232 (base 9) to base 12.
2b162
171ca2 (base 13) to base 15
b581c
What is 10662444 (base 7) in base 10?
939705
-4232441 (base 5) to base 7
-413662
-202210101 (base 5) to base 3
-1112122000012
What is 572781 (base 11) in base 14?
19a19a
What is 152432446 (base 7) in base 12?
34b69a1
-110100011110011110 (base 2) to base 13
-76ab0
-2233040 (base 9) to base 3
-2021010001100
1267103 (base 11) to base 4
20112321212
What is 632392 (base 10) in base 15?
c7597
207273 (base 9) to base 13
44247
3425405 (base 8) to base 13
266825
Convert 332365 (base 8) to base 10.
111861
13214414 (base 6) to base 5
103002040
Convert 1000131002202 (base 4) to base 3.
1011210102011210
Convert -5a374a (base 11) to base 12.
-3a1693
455096 (base 10) to base 7
3603545
-11392a (base 14) to base 7
-4661153
What is -2218856 (base 9) in base 7?
-13102155
What is 291240 (base 10) in base 8?
1070650
37470676 (base 8) to base 15
ada489
Convert 13335 (base 16) to base 4.
103030311
What is -5c95e (base 16) in base 3?
-201021012120
-13212111131 (base 4) to base 11
-1140706
What is -99690a (base 12) in base 15?
-332491
Convert 451045 (base 6) to base 8.
111705
What is cc381 (base 13) in base 10?
369708
What is -222213231 (base 4) in base 15?
-36ad3
What is -254365 (base 9) in base 5?
-14412441
Convert -1a24363 (base 11) to base 6.
-201123541
What is 23872146 (base 9) in base 6?
1054202453
Convert 1635198 (base 10) to base 4.
12033031332
2a3972 (base 14) to base 7
15331302
11110100100010111 (base 2) to base 4
132210113
-111101011001001001001 (base 2) to base 8
-7531111
What is 1200222021110 (base 3) in base 5?
212424030
What is -1b2158 (base 12) in base 8?
-1652524
11201122121020 (base 3) to base 7
30233166
Convert -2143840 (base 9) to base 5.
-243313141
24104435 (base 6) to base 10
755303
525131 (base 9) to base 14
81a65
Convert -152500 (base 9) to base 13.
-33870
Convert -240102624 (base 7) to base 4.
-320213123223
Convert 1db878 (base 16) to base 15.
2871b3
66427 (base 13) to base 15
39d57
Convert c8003 (base 13) to base 11.
226786
32213020121 (base 4) to base 16
3a7219
-2ea091 (base 15) to base 12
-91080a
Convert 4341658 (base 9) to base 2.
1000111000111100110111
23a33a (base 12) to base 14
110714
What is -110210212200 (base 3) in base 2?
-111101100011110000
-2674058 (base 13) to base 16
-b87b34
Convert 11050364 (base 9) to base 8.
24314274
-11013103031 (base 4) to base 16
-1474cd
-2807031 (base 11) to base 10
-4840881
Convert -5511c9 (base 16) to base 12.
-1a4a409
Convert -10541147 (base 9) to base 7.
-61252201
Convert 9259742 (base 10) to base 14.
1330782
-545115 (base 7) to base 11
-65761
Convert -2413631 (base 8) to base 2.
-10100001011110011001
10100010100000100010 (base 2) to base 10
665634
-467a271 (base 11) to base 12
-289b2a3
Convert -1020142313 (base 5) to base 13.
-590a9c
Convert -10100111000111000 (base 2) to base 3.
-11100100220
What is -1422716 (base 8) in base 14?
-a6b82
What is 39176 (base 14) in base 10?
140244
What is -40530576 (base 8) in base 5?
-4143040433
1001001010111000000 (base 2) to base 7
2361015
-4c59b (base 13) to base 11
-97410
What is -19480 (base 16) in base 7?
-610621
432b073 (base 12) to base 11
721a018
-230526 (base 10) to base 8
-702176
Convert 5e941 (base 16) to base 9.
650356
What is 332030341 (base 5) in base 16?
15f6ef
What is 20002112220 (base 3) in base 14?
31a06
f003 (base 16) to base 13
21c75
What is 2a5230 (base 11) in base 12?
1ab182
Convert -1c492 (base 14) to base 13.
-26b72
What is 139934 (base 10) in base 2?